{"id":11,"date":"2013-04-29T22:05:58","date_gmt":"2013-04-29T20:05:58","guid":{"rendered":"http:\/\/tpkww.one.pl\/new\/?page_id=11"},"modified":"2013-04-29T22:05:58","modified_gmt":"2013-04-29T20:05:58","slug":"informacje","status":"publish","type":"page","link":"https:\/\/tpkww.one.pl\/?page_id=11","title":{"rendered":"Informacje"},"content":{"rendered":"<p><b>Siedziba: Cz\u0119stochowa, ul. Pu\u0142askiego 100\/120 (budynek dworca Cz\u0119stochowa Stradom)<\/b><\/p>\n<p>Towarzystwo Przyjaci\u00f3\u0142 Kolei Warszawsko &#8211; Wiede\u0144skiej jest apolityczn\u0105 organizacj\u0105 spo\u0142eczn\u0105 o charakterze stowarzyszenia, zrzeszaj\u0105c\u0105 na zasadzie dobrowolno\u015bci uczestnictwa osoby b\u0119d\u0105ce mi\u0142o\u015bnikami kolei i pragn\u0105ce czynnie uczestniczy\u0107 w dzia\u0142alno\u015bci statutowej Towarzystwa, niezale\u017cnie od narodowo\u015bci, wyznania i pogl\u0105d\u00f3w politycznych.<br \/>\nTowarzystwo nie prowadzi dzia\u0142alno\u015bci gospodarczej, nie posiada sta\u0142ych \u017ar\u00f3de\u0142 dochodu, nie jest stale dotowane przez jak\u0105kolwiek instytucj\u0119 lub firm\u0119.<br \/>\nDzia\u0142alno\u015b\u0107 statutowa Towarzystwa wykonywana jest bezp\u0142atnie przez cz\u0142onk\u00f3w Towarzystwa. \u015arodki finansowe na dzia\u0142alno\u015b\u0107, pochodz\u0105 od cz\u0142onk\u00f3w Towarzystwa, oraz od sponsor\u00f3w.<br \/>\nCelem dzia\u0142ania Towarzystwa Przyjaci\u00f3\u0142 Kolei Warszawsko &#8211; Wiede\u0144skiej jest opieka nad zabytkow\u0105 kolej\u0105 Warszawsko &#8211; Wiede\u0144sk\u0105 powsta\u0142\u0105 w 1846 roku, \u0142\u0105cz\u0105c\u0105 Warszaw\u0119 z Cz\u0119stochow\u0105.<br \/>\nPonadto Towarzystwo popularyzuje i dokumentuje histori\u0119 oraz tera\u017aniejszo\u015b\u0107 kolei.<br \/>\nTowarzystwo aktywnie przeciwdzia\u0142a pr\u00f3bom naruszenia stanu zabytkowej infrastruktury obiekt\u00f3w zgodnie z ustaw\u0105 o zabytkach, oraz dba o jego utrzymanie w stanie przydatno\u015bci, przede wszystkim dla cel\u00f3w turystyczno &#8211; krajoznawczych jako zabytku czynnego.<br \/>\nPowy\u017csze cele Towarzystwo realizuje poprzez prac\u0119 spo\u0142eczn\u0105 jego cz\u0142onk\u00f3w na rzecz kolei, dzia\u0142alno\u015b\u0107 popularyzacyjno &#8211; wydawnicz\u0105 oraz modelarsko &#8211; kolekcjonersk\u0105, a tak\u017ce poprzez organizowanie i obs\u0142ug\u0119 imprez turystycznych, g\u0142\u00f3wnie w postaci przejazd\u00f3w poci\u0105gami specjalnymi.<br \/>\nTowarzystwo s\u0142u\u017cy wszystkim zwiedzaj\u0105cym szczeg\u00f3\u0142owymi informacjami na temat obiekt\u00f3w i posiadanych dokument\u00f3w.<br \/>\nTowarzystwo wsp\u00f3\u0142pracuje z innymi organizacjami o podobnym profilu dzia\u0142alno\u015bci, zar\u00f3wno krajowymi, jak i zagranicznymi, w szczeg\u00f3lno\u015bci Polskim Stowarzyszeniem Mi\u0142o\u015bnik\u00f3w Kolei. Dotyczy to tak\u017ce instytucji i zak\u0142ad\u00f3w pracy, zw\u0142aszcza Polskich Kolei Pa\u0144stwowych oraz Pa\u0144stwowej S\u0142u\u017cby Ochrony Zabytk\u00f3w.<br \/>\nCz\u0142onkowie przekazali na rzecz Towarzystwa prywatne zbiory dokument\u00f3w, fotografii, pami\u0105tek i innych przedmiot\u00f3w muzealnych zwi\u0105zanych z kolej\u0105 w celu zorganizowania sta\u0142ej ekspozycji muzealnej, kt\u00f3r\u0105 umieszczono w Muzeum Kolei w Cz\u0119stochowie.<\/p>\n","protected":false},"excerpt":{"rendered":"<p>Siedziba: Cz\u0119stochowa, ul. Pu\u0142askiego 100\/120 (budynek dworca Cz\u0119stochowa Stradom) Towarzystwo Przyjaci\u00f3\u0142 Kolei Warszawsko &#8211; Wiede\u0144skiej jest apolityczn\u0105 organizacj\u0105 spo\u0142eczn\u0105 o charakterze stowarzyszenia, zrzeszaj\u0105c\u0105 na zasadzie dobrowolno\u015bci uczestnictwa osoby b\u0119d\u0105ce mi\u0142o\u015bnikami kolei i pragn\u0105ce czynnie uczestniczy\u0107 w dzia\u0142alno\u015bci statutowej Towarzystwa, niezale\u017cnie &hellip; <a href=\"https:\/\/tpkww.one.pl\/?page_id=11\">Czytaj dalej <span class=\"meta-nav\">&rarr;<\/span><\/a><\/p>\n","protected":false},"author":1,"featured_media":0,"parent":4,"menu_order":0,"comment_status":"closed","ping_status":"open","template":"","meta":[],"_links":{"self":[{"href":"https:\/\/tpkww.one.pl\/index.php?rest_route=\/wp\/v2\/pages\/11"}],"collection":[{"href":"https:\/\/tpkww.one.pl\/index.php?rest_route=\/wp\/v2\/pages"}],"about":[{"href":"https:\/\/tpkww.one.pl\/index.php?rest_route=\/wp\/v2\/types\/page"}],"author":[{"embeddable":true,"href":"https:\/\/tpkww.one.pl\/index.php?rest_route=\/wp\/v2\/users\/1"}],"replies":[{"embeddable":true,"href":"https:\/\/tpkww.one.pl\/index.php?rest_route=%2Fwp%2Fv2%2Fcomments&post=11"}],"version-history":[{"count":1,"href":"https:\/\/tpkww.one.pl\/index.php?rest_route=\/wp\/v2\/pages\/11\/revisions"}],"predecessor-version":[{"id":12,"href":"https:\/\/tpkww.one.pl\/index.php?rest_route=\/wp\/v2\/pages\/11\/revisions\/12"}],"up":[{"embeddable":true,"href":"https:\/\/tpkww.one.pl\/index.php?rest_route=\/wp\/v2\/pages\/4"}],"wp:attachment":[{"href":"https:\/\/tpkww.one.pl\/index.php?rest_route=%2Fwp%2Fv2%2Fmedia&parent=11"}],"curies":[{"name":"wp","href":"https:\/\/api.w.org\/{rel}","templated":true}]}}